374837821?
3
What is the hundred millions digit of 711411927?
7
What is the billions digit of 1088690289?
1
What is the hundred millions digit of 207351059?
2
What is the tens digit of 36139810?
1
What is the thousands digit of 134230308?
0
What is the tens digit of 810459034?
3
What is the ten millions digit of 296189699?
9
What is the hundred millions digit of 178942584?
1
What is the millions digit of 1264339154?
4
What is the ten thousands digit of 23246915?
4
What is the ten thousands digit of 43385177?
8
What is the units digit of 2460042062?
2
What is the millions digit of 136892428?
6
What is the ten thousands digit of 126731897?
3
What is the thousands digit of 34947364?
7
What is the ten thousands digit of 1039299435?
9
What is the ten thousands digit of 1498723577?
2
What is the millions digit of 65701181?
5
What is the thousands digit of 91756386?
6
What is the hundred millions digit of 559081378?
5
What is the millions digit of 5853160280?
3
What is the billions digit of 3203501944?
3
What is the tens digit of 7683662288?
8
What is the hundred thousands digit of 11355576?
3
What is the tens digit of 184777076?
7
What is the millions digit of 5096087?
5
What is the ten millions digit of 46378642?
4
What is the hundred thousands digit of 116291305?
2
What is the ten millions digit of 620702241?
2
What is the units digit of 51705258?
8
What is the billions digit of 3636058116?
3
What is the units digit of 1132236837?
7
What is the millions digit of 1754218066?
4
What is the millions digit of 67619512?
7
What is the ten thousands digit of 54577038?
7
What is the hundreds digit of 5236674530?
5
What is the billions digit of 2784770885?
2
What is the hundred thousands digit of 169084333?
0
What is the hundreds digit of 59349564?
5
What is the ten thousands digit of 29021128?
2
What is the ten thousands digit of 276353100?
5
What is the units digit of 79148272?
2
What is the units digit of 34078573?
3
What is the hundred thousands digit of 96235905?
2
What is the ten millions digit of 11567298?
1
What is the hundred thousands digit of 2543840614?
8
What is the millions digit of 25875528?
5
What is the hundred thousands digit of 426903525?
9
What is the units digit of 864732697?
7
What is the hundred millions digit of 5567216875?
5
What is the hundreds digit of 21440821?
8
What is the ten millions digit of 213507897?
1
What is the millions digit of 46494380?
6
What is the hundred millions digit of 298649608?
2
What is the units digit of 727364356?
6
What is the ten millions digit of 57160832?
5
What is the tens digit of 718563239?
3
What is the millions digit of 422859164?
2
What is the ten millions digit of 836372414?
3
What is the ten thousands digit of 558653948?
5
What is the ten millions digit of 882267833?
8
What is the tens digit of 311417838?
3
What is the millions digit of 153353297?
3
What is the hundred thousands digit of 12917890?
9
What is the units digit of 688889?
9
What is the ten thousands digit of 147555350?
5
What is the units digit of 15212238?
8
What is the hundred thousands digit of 831770?
8
What is the units digit of 369700914?
4
What is the units digit of 204894890?
0
What is the units digit of 690047545?
5
What is the hundreds digit of 424167776?
7
What is the thousands digit of 1099563698?
3
What is the millions digit of 1595619296?
5
What is the hundred millions digit of 4366637080?
3
What is the units digit of 9648992?
2
What is the thousands digit of 708625047?
5
What is the billions digit of 2696251383?
2
What is the ten thousands digit of 566131179?
3
What is the thousands digit of 791948003?
8
What is the ten millions digit of 80425480?
8
What is the ten thousands digit of 612854920?
5
What is the hundreds digit of 710001733?
7
What is the hundred thousands digit of 32556396?
5
What is the thousands digit of 20603961?
3
What is the units digit of 48171410?
0
What is the millions digit of 20817708?
0
What is the hundreds digit of 5504121760?
7
What is the millions digit of 14948458?
4
What is the ten thousands digit of 97805034?
0
What is the thousands digit of 631123597?
3
What is the millions digit of 956092738?
6
What is the tens digit of 2791683541?
4
What is the millions digit of 8048414449?
8
What is the ten millions digit of 11863599?
1
What is the ten millions digit of 801729786?
0
What is the thousands digit of 51328640?
8
What is the millions digit of 4819074393?
9
What is the units digit of 151186007?
7
What is the ten millions digit of 25335854?
2
What is the ten millions digit of 151441617?
5
What is the ten thousands digit of 177320258?
2
What is the thousands digit of 740778491?
8
What is the hundred thousands digit of 77766500?
7
What is the millions digit of 3020189303?
0
What is the tens digit of 193153?
5
What is the thousands digit of 257853969?
3
What is the tens digit of 51810086?
8
What is the ten thousands digit of 3649423?
4
What is the ten millions digit of 3296442962?
9
What is the thousands digit of 135833358?
3
What is the millions digit of 1924725443?
4
What is the ten thousands digit of 341378330?
7
What is the hundred thousands digit of 62504943?
5
What is the thousands digit of 1501199689?
9
What is the billions digit of 2779711567?
2
What is the thousands digit of 51939989?
9
What is the millions digit of 1599282129?
9
What is the hundreds digit of 2394224615?
6
What is the thousands digit of 160917?
0
What is the tens digit of 48172276?
7
What is the hundred millions digit of 195797372?
1
What is the millions digit of 279319409?
9
What is the units digit of 44695157?
7
What is the tens digit of 793867638?
3
What is the ten thousands digit of 396044043?
4
What is the tens digit of 371380958?
5
What is the hundreds digit of 389851160?
1
What is the ten thousands digit of 47593977?
9
What is the tens digit of 4319473356?
5
What is the hundreds digit of 34829382?
3
What is the hundred thousands digit of 64053736?
0
What is the units digit of 495524451?
1
What is the billions digit of 1498784860?
1
What is the ten millions digit of 82497541?
8
What is the hundred thousands digit of 878546200?
5
What is the hundreds digit of 34186999?
9
What is the hundred millions digit of 7422798801?
4
What is the ten thousands digit of 690168529?
6
What is the hundred thousands digit of 2047095423?
0
What is the units digit of 1559335937?
7
What is the ten millions digit of 609525260?
0
What is the tens digit of 137603158?
5
What is the tens digit of 373660890?
9
What is the hundred thousands digit of 3907718289?
7
What is the ten millions digit of 41516928?
4
What is the tens digit of 6293189?
8
What is the ten thousands digit of 276428754?
2
What is the units digit of 1957782709?
9
What is the hundreds digit of 220136958?
9
What is the hundreds digit of 55473131?
1
What is the hundred thousands digit of 288102893?
1
What is the thousands digit of 396812893?
2
What is the millions digit of 343396562?
3
What is the millions digit of 20868150?
0
What is the hundreds digit of 4420250951?
9
What is the ten thousands digit of 98841857?
4
What is the ten thousands digit of 1082673827?
7
What is the ten millions digit of 42547371?
4
What is the hundred millions digit of 663059542?
6
What is the thousands digit of 765521680?
1
What is the ten thousands digit of 4035662715?
6
What is the tens digit of 74540157?
5
What is the tens digit of 76325501?
0
What is the hundreds digit of 1013783027?
0
What is the hundred thousands digit of 82391614?
3
What is the millions digit of 99101448?
9
What is the hundred thousands digit of 180750528?
7
What is the millions digit of 84377796?
4
What is the thousands digit of 51392812?
2
What is the millions digit of 882610091?
2
What is the hundred thousands digit of 1103740509?
7
What is the thousands digit of 5631414564?
4
What is the tens digit of 721424754?
5
What is the tens digit of 66480808?
0
What is the ten thousands digit of 1622342076?
4
What is the ten thousands digit of 948213371?
1
What is the ten thousands digit of 724601446?
0
What is the hundreds digit of 73894414?
4
What is the millions digit of 55406938?
5
What is the millions digit of 2716937031?
6
What is the hundred thousands digit of 1322187420?
1
What is the ten millions digit of 154171581